{"id":248,"date":"2023-04-05T10:58:25","date_gmt":"2023-04-05T08:58:25","guid":{"rendered":"https:\/\/aschaffenburg.fau.org\/?page_id=248"},"modified":"2024-10-04T14:27:35","modified_gmt":"2024-10-04T12:27:35","slug":"unsere-tradition-geschichte","status":"publish","type":"page","link":"https:\/\/aschaffenburg.fau.org\/?page_id=248","title":{"rendered":"Tradition &#038; Geschichte"},"content":{"rendered":"\n<p>Unser Ansatz ist nicht neu, sondern hat Tradition. Er entstand im 19. Jahrhundert und hei\u00dft Anarchosyndikalismus. Damit gemeint ist die Idee revolution\u00e4rer Basisgewerkschaften. Man kann sie als Gegenmodell sowohl zu reformistischen Gewerkschaftskonzepten als auch zum autorit\u00e4ren Partei- und Staatssozialismus verstehen. Mitte des 20. Jahrhunderts fast verschwunden, erstarkte die Idee wieder, etwa in Frankreich, Spanien oder Schweden.<\/p>\n\n\n\n<p><strong>Syndikalismus in Deutschland<\/strong><\/p>\n\n\n\n<p>Der Gewerkschaftsgedanke wird in Deutschland fast ausschlie\u00dflich mit den DGB-Zentralgewerkschaften verbunden, wohingegen in anderen L\u00e4ndern eine gewerkschaftliche Vielfalt bekannt ist. Doch auch in Deutschland gab es einst eine relativ starke syndikalistische Bewegung.<br>Unsere Vorl\u00e4uferorganisation, die FAUD, 1919 hervorgegangen aus der <em>Vereinigung deutscher Gewerkschaften<\/em> (FVDG), vereinte auf ihrem H\u00f6hepunkt Anfang der 1920er bis zu 150.000 Mitglieder. Schlie\u00dflich wurde sie im Kampf gegen den Faschismus aufgerieben und l\u00f6ste sich 1933 auf, um einem Verbot durch die Nazis zurvorzukommen.<br>Die 1977 gegr\u00fcndete FAU versucht, diese k\u00e4mpferische Tradition wiederzubeleben. Doch in den ersten Jahrzehnten ihres Bestehens wirkte sie mehr als Ideen- und Propagandaorganisation, denn als Gewerkschaft. <\/p>\n\n\n\n<p><strong>Eine kleine Renaissance<\/strong><\/p>\n\n\n\n<p>Seit den 2010er Jahren&nbsp;tr\u00e4gt&nbsp;die Wiederentdeckung&nbsp;syndikalistischer Konzepte auch vermehrt organisatorische Fr\u00fcchte. So konnte die FAU in den letzten Jahren weiter wachsen und insbesondere im prek\u00e4ren Bereich&nbsp;Erfolge in Arbeitsk\u00e4mpfen erzielen. Der syndikalistische Ansatz hat&nbsp;sich dabei als anpassungsf\u00e4hig an unterschiedlichste gesellschaftliche Bedingungen erwiesen. Wir denken, dass in ihm ein Potential zur Neubelebung der Gewerkschaftsbewegung liegt<\/p>\n\n\n\n<p>Wir k\u00e4mpfen, um die Rechte zu verteidigen, die die Arbeiterklasse in der Vergangenheit gewonnen hat, und gleichzeitig wollen wir die Entwicklung einer k\u00e4mpferischen Arbeiter_innenbewegung vorw\u00e4rts treiben.<\/p>\n\n\n\n<p>F\u00fcr eine Zukunft mit einer auf Solidarit\u00e4t und Selbstverwaltung basierenden Wirtschaftsordnung.<\/p>\n\n\n\n<div style=\"height:40px\" aria-hidden=\"true\" class=\"wp-block-spacer\"><\/div>\n\n\n\n<hr class=\"wp-block-separator has-alpha-channel-opacity\"\/>\n\n\n\n<div style=\"height:40px\" aria-hidden=\"true\" class=\"wp-block-spacer\"><\/div>\n\n\n\n<p><strong>Buchempfehlungen zur Geschichte der FAUD und des historischen Syndikalismus<\/strong>. <strong>Von allen B\u00fcchern stehen in unserem B\u00fcro auch Leseexemplare zur Verf\u00fcgung, welche von Mitgliedern kostenfrei ausgeliehen werden k\u00f6nnen. <\/strong><\/p>\n\n\n\n<p><br><a href=\"https:\/\/www.alibro50.libertadverlag.de\/Philosophie-Theorie\/Anarchismus-traditioneller\/Freiheit-und-Brot::5077.html\">Freiheit und Brot &#8211; Die Freie Arbeiter-Union Deutschlands. Eine Studie zur Geschichte des Anarchosyndikalismus <\/a><br><strong>ISBN:<\/strong> 978-3-922226-21-5<\/p>\n\n\n\n<p><a href=\"http:\/\/www.edition-av.de\/buecher\/doehring-anarchosyndikalismus.html\">Anarcho-Syndikalismus &#8211; Einf\u00fchrung in die Theorie und Geschichte einer  internationalen sozialistischen Arbeiterbewegung<\/a><br><strong>ISBN:<\/strong> 978-3-86841-143-0<\/p>\n\n\n\n<p><a href=\"https:\/\/www.dampfboot-verlag.de\/shop\/artikel\/revolutionaerer-syndikalismus-der-freien-arbeiter-union-deutschlands-vom-1918-bis-1933\">Revolution\u00e4rer Syndikalismus in der Praxis &#8211; Die Betriebsarbeit der Freien Arbeiter-Union Deutschlands von 1918 bis 1933<\/a><br><strong>ISBN:<\/strong> <small>978-3-89691-077-6<\/small><\/p>\n\n\n\n<p><a href=\"https:\/\/edition-nautilus.de\/programm\/schwarze-flamme\/\">Schwarze Flamme &#8211; Revolution\u00e4re Klassenpolitik im Anarchismus und Syndikalismus<\/a><br><strong>ISBN:<\/strong> 978-3-89401-783-5<\/p>\n\n\n\n<p><a href=\"https:\/\/www.syndikat-a.de\/VERLAG-SYNDIKAT-A\/Buecher-Broschueren\/V-01-Rudolf-Rocker-Anarcho-Syndikalismus-Softcover::40074.html\">Anarcho-Syndikalismus<\/a><br><strong>ISBN:<\/strong> 978-3-949036-00-2<\/p>\n\n\n\n<p><a href=\"https:\/\/unrast-verlag.de\/produkt\/der-syndikalistische-frauenbund\/\">Der Syndikalistische Frauenbund<\/a><br><strong>ISBN: <\/strong>978-3-89771-915-6<\/p>\n\n\n\n<p><a href=\"https:\/\/www.syndikat-a.de\/DAS-ALLGEMEINE-BUCHSORTIMENT\/Anarcho-Syndikalismus\/B629-Emile-Pouget-Die-Revolution-ist-Alltagssache::38068.html\">Die Revolution ist Alltagssache &#8211; Schriften zur Theorie und Praxis des revolution\u00e4ren Syndikalismus<\/a><br><strong>ISBN<\/strong>: 978-3-86841-105-8<\/p>\n\n\n\n<p><a href=\"http:\/\/www.edition-av.de\/buecher\/schwarze_scharen.html\">Schwarze Scharen &#8211; Anarcho-Syndikalistische Arbeiterwehr (1929 &#8211; 1933)<\/a><br><strong>ISBN:<\/strong> 978-3-86841-054-9<\/p>\n","protected":false},"excerpt":{"rendered":"<p>Unser Ansatz ist nicht neu, sondern hat Tradition. Er entstand im 19. Jahrhundert und hei\u00dft Anarchosyndikalismus. Damit gemeint ist die Idee revolution\u00e4rer Basisgewerkschaften. Man kann sie als Gegenmodell sowohl zu reformistischen Gewerkschaftskonzepten als auch zum autorit\u00e4ren Partei- und Staatssozialismus verstehen. Mitte des 20. Jahrhunderts fast verschwunden, erstarkte die Idee wieder,&#8230; <a class=\"continue-reading-link\" href=\"https:\/\/aschaffenburg.fau.org\/?page_id=248\">Continue reading<\/a><\/p>\n","protected":false},"author":1,"featured_media":0,"parent":0,"menu_order":0,"comment_status":"closed","ping_status":"closed","template":"","meta":{"footnotes":""},"class_list":["post-248","page","type-page","status-publish","hentry"],"_links":{"self":[{"href":"https:\/\/aschaffenburg.fau.org\/index.php?rest_route=\/wp\/v2\/pages\/248","targetHints":{"allow":["GET"]}}],"collection":[{"href":"https:\/\/aschaffenburg.fau.org\/index.php?rest_route=\/wp\/v2\/pages"}],"about":[{"href":"https:\/\/aschaffenburg.fau.org\/index.php?rest_route=\/wp\/v2\/types\/page"}],"author":[{"embeddable":true,"href":"https:\/\/aschaffenburg.fau.org\/index.php?rest_route=\/wp\/v2\/users\/1"}],"replies":[{"embeddable":true,"href":"https:\/\/aschaffenburg.fau.org\/index.php?rest_route=%2Fwp%2Fv2%2Fcomments&post=248"}],"version-history":[{"count":9,"href":"https:\/\/aschaffenburg.fau.org\/index.php?rest_route=\/wp\/v2\/pages\/248\/revisions"}],"predecessor-version":[{"id":626,"href":"https:\/\/aschaffenburg.fau.org\/index.php?rest_route=\/wp\/v2\/pages\/248\/revisions\/626"}],"wp:attachment":[{"href":"https:\/\/aschaffenburg.fau.org\/index.php?rest_route=%2Fwp%2Fv2%2Fmedia&parent=248"}],"curies":[{"name":"wp","href":"https:\/\/api.w.org\/{rel}","templated":true}]}}

<p>Unser Ansatz ist nicht neu, sondern hat Tradition. Er entstand im 19. Jahrhundert und heißt Anarchosyndikalismus. Damit gemeint ist die Idee revolutionärer Basisgewerkschaften. Man kann sie als Gegenmodell sowohl zu reformistischen Gewerkschaftskonzepten als auch zum autoritären Partei- und Staatssozialismus verstehen. Mitte des 20. Jahrhunderts fast verschwunden, erstarkte die Idee wieder, etwa in Frankreich, Spanien oder Schweden.</p>



<p><strong>Syndikalismus in Deutschland</strong></p>



<p>Der Gewerkschaftsgedanke wird in Deutschland fast ausschließlich mit den DGB-Zentralgewerkschaften verbunden, wohingegen in anderen Ländern eine gewerkschaftliche Vielfalt bekannt ist. Doch auch in Deutschland gab es einst eine relativ starke syndikalistische Bewegung.<br>Unsere Vorläuferorganisation, die FAUD, 1919 hervorgegangen aus der <em>Vereinigung deutscher Gewerkschaften</em> (FVDG), vereinte auf ihrem Höhepunkt Anfang der 1920er bis zu 150.000 Mitglieder. Schließlich wurde sie im Kampf gegen den Faschismus aufgerieben und löste sich 1933 auf, um einem Verbot durch die Nazis zurvorzukommen.<br>Die 1977 gegründete FAU versucht, diese kämpferische Tradition wiederzubeleben. Doch in den ersten Jahrzehnten ihres Bestehens wirkte sie mehr als Ideen- und Propagandaorganisation, denn als Gewerkschaft. </p>



<p><strong>Eine kleine Renaissance</strong></p>



<p>Seit den 2010er Jahren&nbsp;trägt&nbsp;die Wiederentdeckung&nbsp;syndikalistischer Konzepte auch vermehrt organisatorische Früchte. So konnte die FAU in den letzten Jahren weiter wachsen und insbesondere im prekären Bereich&nbsp;Erfolge in Arbeitskämpfen erzielen. Der syndikalistische Ansatz hat&nbsp;sich dabei als anpassungsfähig an unterschiedlichste gesellschaftliche Bedingungen erwiesen. Wir denken, dass in ihm ein Potential zur Neubelebung der Gewerkschaftsbewegung liegt</p>



<p>Wir kämpfen, um die Rechte zu verteidigen, die die Arbeiterklasse in der Vergangenheit gewonnen hat, und gleichzeitig wollen wir die Entwicklung einer kämpferischen Arbeiter_innenbewegung vorwärts treiben.</p>



<p>Für eine Zukunft mit einer auf Solidarität und Selbstverwaltung basierenden Wirtschaftsordnung.</p>



<div style="height:40px" aria-hidden="true" class="wp-block-spacer"></div>



<hr class="wp-block-separator has-alpha-channel-opacity"/>



<div style="height:40px" aria-hidden="true" class="wp-block-spacer"></div>



<p><strong>Buchempfehlungen zur Geschichte der FAUD und des historischen Syndikalismus</strong>. <strong>Von allen Büchern stehen in unserem Büro auch Leseexemplare zur Verfügung, welche von Mitgliedern kostenfrei ausgeliehen werden können. </strong></p>



<p><br><a href="https://www.alibro50.libertadverlag.de/Philosophie-Theorie/Anarchismus-traditioneller/Freiheit-und-Brot::5077.html">Freiheit und Brot &#8211; Die Freie Arbeiter-Union Deutschlands. Eine Studie zur Geschichte des Anarchosyndikalismus </a><br><strong>ISBN:</strong> 978-3-922226-21-5</p>



<p><a href="http://www.edition-av.de/buecher/doehring-anarchosyndikalismus.html">Anarcho-Syndikalismus &#8211; Einführung in die Theorie und Geschichte einer  internationalen sozialistischen Arbeiterbewegung</a><br><strong>ISBN:</strong> 978-3-86841-143-0</p>



<p><a href="https://www.dampfboot-verlag.de/shop/artikel/revolutionaerer-syndikalismus-der-freien-arbeiter-union-deutschlands-vom-1918-bis-1933">Revolutionärer Syndikalismus in der Praxis &#8211; Die Betriebsarbeit der Freien Arbeiter-Union Deutschlands von 1918 bis 1933</a><br><strong>ISBN:</strong> <small>978-3-89691-077-6</small></p>



<p><a href="https://edition-nautilus.de/programm/schwarze-flamme/">Schwarze Flamme &#8211; Revolutionäre Klassenpolitik im Anarchismus und Syndikalismus</a><br><strong>ISBN:</strong> 978-3-89401-783-5</p>



<p><a href="https://www.syndikat-a.de/VERLAG-SYNDIKAT-A/Buecher-Broschueren/V-01-Rudolf-Rocker-Anarcho-Syndikalismus-Softcover::40074.html">Anarcho-Syndikalismus</a><br><strong>ISBN:</strong> 978-3-949036-00-2</p>



<p><a href="https://unrast-verlag.de/produkt/der-syndikalistische-frauenbund/">Der Syndikalistische Frauenbund</a><br><strong>ISBN: </strong>978-3-89771-915-6</p>



<p><a href="https://www.syndikat-a.de/DAS-ALLGEMEINE-BUCHSORTIMENT/Anarcho-Syndikalismus/B629-Emile-Pouget-Die-Revolution-ist-Alltagssache::38068.html">Die Revolution ist Alltagssache &#8211; Schriften zur Theorie und Praxis des revolutionären Syndikalismus</a><br><strong>ISBN</strong>: 978-3-86841-105-8</p>



<p><a href="http://www.edition-av.de/buecher/schwarze_scharen.html">Schwarze Scharen &#8211; Anarcho-Syndikalistische Arbeiterwehr (1929 &#8211; 1933)</a><br><strong>ISBN:</strong> 978-3-86841-054-9</p>

<p>Unser Ansatz ist nicht neu, sondern hat Tradition. Er entstand im 19. Jahrhundert und heißt Anarchosyndikalismus. Damit gemeint ist die Idee revolutionärer Basisgewerkschaften. Man kann sie als Gegenmodell sowohl zu reformistischen Gewerkschaftskonzepten als auch zum autoritären Partei- und Staatssozialismus verstehen. Mitte des 20. Jahrhunderts fast verschwunden, erstarkte die Idee wieder,&#8230; <a class="continue-reading-link" href="https://aschaffenburg.fau.org/?page_id=248">Continue reading</a></p>
