{"id":110,"date":"2023-01-15T14:56:12","date_gmt":"2023-01-15T13:56:12","guid":{"rendered":"https:\/\/aschaffenburg.fau.org\/?post_type=tribe_events&#038;p=110"},"modified":"2023-04-03T13:19:25","modified_gmt":"2023-04-03T11:19:25","slug":"kino-der-laute-fruehling-gemeinsam-aus-der-klimakrise","status":"publish","type":"tribe_events","link":"https:\/\/aschaffenburg.fau.org\/?tribe_events=kino-der-laute-fruehling-gemeinsam-aus-der-klimakrise","title":{"rendered":"Kino: &#8222;Der laute Fr\u00fchling &#8211; gemeinsam aus der Klimakrise&#8220;"},"content":{"rendered":"<p>&nbsp;<\/p>\n<p>&nbsp;<\/p>\n<div id=\"parent-fieldname-text\">\n<p>In Kooperation mit dem Klimab\u00fcndnis Aschaffenburg zeigen wir als einmalige Sondervorf\u00fchrung den Film &#8222;Der laute Fr\u00fchling &#8211; Gemeinsam aus der Klimakrise&#8220;.<\/p>\n<p>Beschreibung:<\/p>\n<p>Seit Beginn der UN-Klimakonferenzen im Jahr 1992 sind die j\u00e4hrlichen CO2-Emissionen nicht zur\u00fcckgegangen. Vielmehr haben sie um \u00fcber 60 % zugenommen. &#8211;\u00a0Warum?<br \/>\nUnd vor allem: Wie k\u00f6nnen wir den Klimawandel aufhalten?<\/p>\n<p>In der globalen Klimabewegung setzt sich mehr und mehr die Erkenntnis durch, dass es so nicht weitergehen kann und dass wir einen Systemwechsel brauchen.<br \/>\nIn &#8222;Der laute Fr\u00fchling&#8220;\u00a0schauen wir mit Hilfe von animierten Sequenzen in die Zukunft und beschreiben, wie jene tiefgreifende gesellschaftliche Transformation, die wir brauchen, aussehen k\u00f6nnte.<\/p>\n<p>Infos zum Film: <a href=\"https:\/\/de.labournet.tv\/project\/der-laute-fruehling\">https:\/\/de.labournet.tv\/project\/der-laute-fruehling<\/a><\/p>\n<p>Trailer: <a href=\"https:\/\/youtu.be\/H7uJQNM3ieg\">https:\/\/youtu.be\/H7uJQNM3ieg<\/a><\/p>\n<\/div>\n","protected":false},"excerpt":{"rendered":"<p>&nbsp; &nbsp; In Kooperation mit dem Klimab\u00fcndnis Aschaffenburg zeigen wir als einmalige Sondervorf\u00fchrung den Film &#8222;Der laute Fr\u00fchling &#8211; Gemeinsam aus der Klimakrise&#8220;. Beschreibung: Seit Beginn der UN-Klimakonferenzen im Jahr 1992 sind die j\u00e4hrlichen CO2-Emissionen nicht zur\u00fcckgegangen. Vielmehr haben sie um \u00fcber 60 % zugenommen. &#8211;\u00a0Warum? Und vor allem: Wie&#8230; <a class=\"continue-reading-link\" href=\"https:\/\/aschaffenburg.fau.org\/?tribe_events=kino-der-laute-fruehling-gemeinsam-aus-der-klimakrise\">Continue reading<\/a><\/p>\n","protected":false},"author":1,"featured_media":87,"template":"","meta":{"_tribe_events_status":"","_tribe_events_status_reason":"","footnotes":""},"tags":[],"tribe_events_cat":[],"class_list":["post-110","tribe_events","type-tribe_events","status-publish","has-post-thumbnail","hentry"],"_links":{"self":[{"href":"https:\/\/aschaffenburg.fau.org\/index.php?rest_route=\/wp\/v2\/tribe_events\/110","targetHints":{"allow":["GET"]}}],"collection":[{"href":"https:\/\/aschaffenburg.fau.org\/index.php?rest_route=\/wp\/v2\/tribe_events"}],"about":[{"href":"https:\/\/aschaffenburg.fau.org\/index.php?rest_route=\/wp\/v2\/types\/tribe_events"}],"author":[{"embeddable":true,"href":"https:\/\/aschaffenburg.fau.org\/index.php?rest_route=\/wp\/v2\/users\/1"}],"version-history":[{"count":3,"href":"https:\/\/aschaffenburg.fau.org\/index.php?rest_route=\/wp\/v2\/tribe_events\/110\/revisions"}],"predecessor-version":[{"id":169,"href":"https:\/\/aschaffenburg.fau.org\/index.php?rest_route=\/wp\/v2\/tribe_events\/110\/revisions\/169"}],"wp:featuredmedia":[{"embeddable":true,"href":"https:\/\/aschaffenburg.fau.org\/index.php?rest_route=\/wp\/v2\/media\/87"}],"wp:attachment":[{"href":"https:\/\/aschaffenburg.fau.org\/index.php?rest_route=%2Fwp%2Fv2%2Fmedia&parent=110"}],"wp:term":[{"taxonomy":"post_tag","embeddable":true,"href":"https:\/\/aschaffenburg.fau.org\/index.php?rest_route=%2Fwp%2Fv2%2Ftags&post=110"},{"taxonomy":"tribe_events_cat","embeddable":true,"href":"https:\/\/aschaffenburg.fau.org\/index.php?rest_route=%2Fwp%2Fv2%2Ftribe_events_cat&post=110"}],"curies":[{"name":"wp","href":"https:\/\/api.w.org\/{rel}","templated":true}]}}

Kino: &#8222;Der laute Frühling &#8211; gemeinsam aus der Klimakrise&#8220;

<p>&nbsp;</p>
<p>&nbsp;</p>
<div id="parent-fieldname-text">
<p>In Kooperation mit dem Klimabündnis Aschaffenburg zeigen wir als einmalige Sondervorführung den Film &#8222;Der laute Frühling &#8211; Gemeinsam aus der Klimakrise&#8220;.</p>
<p>Beschreibung:</p>
<p>Seit Beginn der UN-Klimakonferenzen im Jahr 1992 sind die jährlichen CO2-Emissionen nicht zurückgegangen. Vielmehr haben sie um über 60 % zugenommen. &#8211; Warum?<br />
Und vor allem: Wie können wir den Klimawandel aufhalten?</p>
<p>In der globalen Klimabewegung setzt sich mehr und mehr die Erkenntnis durch, dass es so nicht weitergehen kann und dass wir einen Systemwechsel brauchen.<br />
In &#8222;Der laute Frühling&#8220; schauen wir mit Hilfe von animierten Sequenzen in die Zukunft und beschreiben, wie jene tiefgreifende gesellschaftliche Transformation, die wir brauchen, aussehen könnte.</p>
<p>Infos zum Film: <a href="https://de.labournet.tv/project/der-laute-fruehling">https://de.labournet.tv/project/der-laute-fruehling</a></p>
<p>Trailer: <a href="https://youtu.be/H7uJQNM3ieg">https://youtu.be/H7uJQNM3ieg</a></p>
</div>

<p>&nbsp; &nbsp; In Kooperation mit dem Klimabündnis Aschaffenburg zeigen wir als einmalige Sondervorführung den Film &#8222;Der laute Frühling &#8211; Gemeinsam aus der Klimakrise&#8220;. Beschreibung: Seit Beginn der UN-Klimakonferenzen im Jahr 1992 sind die jährlichen CO2-Emissionen nicht zurückgegangen. Vielmehr haben sie um über 60 % zugenommen. &#8211; Warum? Und vor allem: Wie&#8230; <a class="continue-reading-link" href="https://aschaffenburg.fau.org/?tribe_events=kino-der-laute-fruehling-gemeinsam-aus-der-klimakrise">Continue reading</a></p>
