{"id":831,"date":"2025-09-24T15:30:06","date_gmt":"2025-09-24T13:30:06","guid":{"rendered":"https:\/\/aschaffenburg.fau.org\/?post_type=tribe_events&#038;p=831"},"modified":"2025-09-24T15:55:21","modified_gmt":"2025-09-24T13:55:21","slug":"no-future-solidaritaet-und-gegenseitige-hilfe-in-zeiten-von-rechtsruck-und-klimakollaps","status":"publish","type":"tribe_events","link":"https:\/\/aschaffenburg.fau.org\/?tribe_events=no-future-solidaritaet-und-gegenseitige-hilfe-in-zeiten-von-rechtsruck-und-klimakollaps","title":{"rendered":"No Future? Solidarit\u00e4t und gegenseitige Hilfe in Zeiten von Rechtsruck und Klimakollaps"},"content":{"rendered":"<div class=\"wp-block-image\">\r\n<figure class=\"alignleft size-medium\"><img loading=\"lazy\" decoding=\"async\" class=\"alignleft wp-image-832 size-medium\" src=\"https:\/\/aschaffenburg.fau.org\/wp-content\/uploads\/2025\/09\/No-Future-300x300.png\" alt=\"\" width=\"300\" height=\"300\" srcset=\"https:\/\/aschaffenburg.fau.org\/wp-content\/uploads\/2025\/09\/No-Future-300x300.png 300w, https:\/\/aschaffenburg.fau.org\/wp-content\/uploads\/2025\/09\/No-Future-1024x1024.png 1024w, https:\/\/aschaffenburg.fau.org\/wp-content\/uploads\/2025\/09\/No-Future-150x150.png 150w, https:\/\/aschaffenburg.fau.org\/wp-content\/uploads\/2025\/09\/No-Future-768x768.png 768w, https:\/\/aschaffenburg.fau.org\/wp-content\/uploads\/2025\/09\/No-Future-350x350.png 350w, https:\/\/aschaffenburg.fau.org\/wp-content\/uploads\/2025\/09\/No-Future.png 1080w\" sizes=\"auto, (max-width: 300px) 100vw, 300px\" \/><\/figure>\r\n<\/div>\r\n\r\n\r\n<p><strong>No Future? Ein Gespr\u00e4ch \u00fcber Solidarit\u00e4t und gegenseitige Hilfe in Zeiten von Rechtsruck und Klimakollaps mit Tadzio M\u00fcller.<\/strong><\/p>\r\n<p>&nbsp;<\/p>\r\n<p class=\"cvGsUA direction-ltr align-start para-style-body\"><span class=\"a_GcMg font-feature-liga-off font-feature-clig-off font-feature-calt-off text-decoration-none text-strikethrough-none\">Klimaschutz? Nie ernsthaft angegangen. Die Klimabewegung? Gescheitert. Klimakrise? L\u00e4ngst Alltag.<\/span><\/p>\r\n<p class=\"cvGsUA direction-ltr align-start para-style-body\"><span class=\"a_GcMg font-feature-liga-off font-feature-clig-off font-feature-calt-off text-decoration-none text-strikethrough-none\">Der Klimakollaps steht uns als Folge der wachstumsgetriebenen kapitalistischen Wirtschaft unausweichlich bevor, wahrscheinlich befinden wir uns sogar schon mittendrin.<\/span> <span class=\"a_GcMg font-feature-liga-off font-feature-clig-off font-feature-calt-off text-decoration-none text-strikethrough-none\">Und w\u00e4hrend all dem verroht die Gesellschaft zusehends und<\/span> <span class=\"a_GcMg font-feature-liga-off font-feature-clig-off font-feature-calt-off text-decoration-none text-strikethrough-none\">obendrein klopft<\/span> <span class=\"a_GcMg font-feature-liga-off font-feature-clig-off font-feature-calt-off text-decoration-none text-strikethrough-none\">noch der aufstrebende Faschismus an die T\u00fcre. <\/span><span class=\"a_GcMg font-feature-liga-off font-feature-clig-off font-feature-calt-off text-decoration-none text-strikethrough-none\">Besserung in Sicht? Fehlanzeige.<\/span><\/p>\r\n<p class=\"cvGsUA direction-ltr align-center para-style-body\"><span class=\"a_GcMg font-feature-liga-off font-feature-clig-off font-feature-calt-off text-decoration-none text-strikethrough-none\">Das sind &#8211; stark verk\u00fcrzt &#8211; einige Thesen aus Tadzio M\u00fcllers Buch \u201cZwischen friedlicher Sabotage und Kollaps\u201d.<\/span><\/p>\r\n<p class=\"cvGsUA direction-ltr align-center para-style-body\"><span class=\"a_GcMg font-feature-liga-off font-feature-clig-off font-feature-calt-off text-decoration-none text-strikethrough-none\">Die Ver\u00f6ffentlichung<\/span> <span class=\"a_GcMg font-feature-liga-off font-feature-clig-off font-feature-calt-off text-decoration-none text-strikethrough-none\">des Politikwissenschaftlers und Klimaaktivisten ist aber kein Pl\u00e4doyer daf\u00fcr den Kopf in den Sand zu stecken, sondern ein Aufruf eine solidarische Kollapsbewegung zu entwickeln. Community-Aufbau, Krisenvorsorge und \u201csolidarisches Prepping\u201d seien das Gebot der Stunde.<\/span><\/p>\r\n<p class=\"cvGsUA direction-ltr align-center para-style-body\"><span class=\"a_GcMg font-feature-liga-off font-feature-clig-off font-feature-calt-off text-decoration-none text-strikethrough-none\">F\u00fcr uns als Basisgewerkschaft, welche sich<\/span> <span class=\"a_GcMg font-feature-liga-off font-feature-clig-off font-feature-calt-off text-decoration-none text-strikethrough-none\">neben kleinteiligen Alltagsk\u00e4mpfen<\/span> <span class=\"a_GcMg font-feature-liga-off font-feature-clig-off font-feature-calt-off text-decoration-none text-strikethrough-none\">und organisierter Solidarit\u00e4t das Fernziel einer besseren Welt auf die Fahnen schreibt, gibt es gute Gr\u00fcnde, sich mit Tadzios dystopisch anmutenden \u00dcberlegungen und seinen streitbaren Thesen auseinanderzusetzen.<\/span><\/p>\r\n<p class=\"cvGsUA direction-ltr align-center para-style-body\"><span class=\"a_GcMg font-feature-liga-off font-feature-clig-off font-feature-calt-off text-decoration-none text-strikethrough-none\">Wir freuen uns auf einen erkenntnisreichen Abend und laden alle Interessierten zur Teilnahme und Mitdiskutieren ein.<\/span><\/p>","protected":false},"excerpt":{"rendered":"<p>No Future? Ein Gespr\u00e4ch \u00fcber Solidarit\u00e4t und gegenseitige Hilfe in Zeiten von Rechtsruck und Klimakollaps mit Tadzio M\u00fcller. &nbsp; Klimaschutz? Nie ernsthaft angegangen. Die Klimabewegung? Gescheitert. Klimakrise? L\u00e4ngst Alltag. Der Klimakollaps steht uns als Folge der wachstumsgetriebenen kapitalistischen Wirtschaft unausweichlich bevor, wahrscheinlich befinden wir uns sogar schon mittendrin. Und w\u00e4hrend&#8230; <a class=\"continue-reading-link\" href=\"https:\/\/aschaffenburg.fau.org\/?tribe_events=no-future-solidaritaet-und-gegenseitige-hilfe-in-zeiten-von-rechtsruck-und-klimakollaps\">Continue reading<\/a><\/p>\n","protected":false},"author":1,"featured_media":0,"template":"","meta":{"_tribe_events_status":"","_tribe_events_status_reason":"","footnotes":""},"tags":[],"tribe_events_cat":[],"class_list":["post-831","tribe_events","type-tribe_events","status-publish","hentry"],"_links":{"self":[{"href":"https:\/\/aschaffenburg.fau.org\/index.php?rest_route=\/wp\/v2\/tribe_events\/831","targetHints":{"allow":["GET"]}}],"collection":[{"href":"https:\/\/aschaffenburg.fau.org\/index.php?rest_route=\/wp\/v2\/tribe_events"}],"about":[{"href":"https:\/\/aschaffenburg.fau.org\/index.php?rest_route=\/wp\/v2\/types\/tribe_events"}],"author":[{"embeddable":true,"href":"https:\/\/aschaffenburg.fau.org\/index.php?rest_route=\/wp\/v2\/users\/1"}],"version-history":[{"count":3,"href":"https:\/\/aschaffenburg.fau.org\/index.php?rest_route=\/wp\/v2\/tribe_events\/831\/revisions"}],"predecessor-version":[{"id":835,"href":"https:\/\/aschaffenburg.fau.org\/index.php?rest_route=\/wp\/v2\/tribe_events\/831\/revisions\/835"}],"wp:attachment":[{"href":"https:\/\/aschaffenburg.fau.org\/index.php?rest_route=%2Fwp%2Fv2%2Fmedia&parent=831"}],"wp:term":[{"taxonomy":"post_tag","embeddable":true,"href":"https:\/\/aschaffenburg.fau.org\/index.php?rest_route=%2Fwp%2Fv2%2Ftags&post=831"},{"taxonomy":"tribe_events_cat","embeddable":true,"href":"https:\/\/aschaffenburg.fau.org\/index.php?rest_route=%2Fwp%2Fv2%2Ftribe_events_cat&post=831"}],"curies":[{"name":"wp","href":"https:\/\/api.w.org\/{rel}","templated":true}]}}

No Future? Solidarität und gegenseitige Hilfe in Zeiten von Rechtsruck und Klimakollaps

<div class="wp-block-image">
<figure class="alignleft size-medium"><img loading="lazy" decoding="async" class="alignleft wp-image-832 size-medium" src="https://aschaffenburg.fau.org/wp-content/uploads/2025/09/No-Future-300x300.png" alt="" width="300" height="300" srcset="https://aschaffenburg.fau.org/wp-content/uploads/2025/09/No-Future-300x300.png 300w, https://aschaffenburg.fau.org/wp-content/uploads/2025/09/No-Future-1024x1024.png 1024w, https://aschaffenburg.fau.org/wp-content/uploads/2025/09/No-Future-150x150.png 150w, https://aschaffenburg.fau.org/wp-content/uploads/2025/09/No-Future-768x768.png 768w, https://aschaffenburg.fau.org/wp-content/uploads/2025/09/No-Future-350x350.png 350w, https://aschaffenburg.fau.org/wp-content/uploads/2025/09/No-Future.png 1080w" sizes="auto, (max-width: 300px) 100vw, 300px" /></figure>
</div>


<p><strong>No Future? Ein Gespräch über Solidarität und gegenseitige Hilfe in Zeiten von Rechtsruck und Klimakollaps mit Tadzio Müller.</strong></p>
<p>&nbsp;</p>
<p class="cvGsUA direction-ltr align-start para-style-body"><span class="a_GcMg font-feature-liga-off font-feature-clig-off font-feature-calt-off text-decoration-none text-strikethrough-none">Klimaschutz? Nie ernsthaft angegangen. Die Klimabewegung? Gescheitert. Klimakrise? Längst Alltag.</span></p>
<p class="cvGsUA direction-ltr align-start para-style-body"><span class="a_GcMg font-feature-liga-off font-feature-clig-off font-feature-calt-off text-decoration-none text-strikethrough-none">Der Klimakollaps steht uns als Folge der wachstumsgetriebenen kapitalistischen Wirtschaft unausweichlich bevor, wahrscheinlich befinden wir uns sogar schon mittendrin.</span> <span class="a_GcMg font-feature-liga-off font-feature-clig-off font-feature-calt-off text-decoration-none text-strikethrough-none">Und während all dem verroht die Gesellschaft zusehends und</span> <span class="a_GcMg font-feature-liga-off font-feature-clig-off font-feature-calt-off text-decoration-none text-strikethrough-none">obendrein klopft</span> <span class="a_GcMg font-feature-liga-off font-feature-clig-off font-feature-calt-off text-decoration-none text-strikethrough-none">noch der aufstrebende Faschismus an die Türe. </span><span class="a_GcMg font-feature-liga-off font-feature-clig-off font-feature-calt-off text-decoration-none text-strikethrough-none">Besserung in Sicht? Fehlanzeige.</span></p>
<p class="cvGsUA direction-ltr align-center para-style-body"><span class="a_GcMg font-feature-liga-off font-feature-clig-off font-feature-calt-off text-decoration-none text-strikethrough-none">Das sind &#8211; stark verkürzt &#8211; einige Thesen aus Tadzio Müllers Buch “Zwischen friedlicher Sabotage und Kollaps”.</span></p>
<p class="cvGsUA direction-ltr align-center para-style-body"><span class="a_GcMg font-feature-liga-off font-feature-clig-off font-feature-calt-off text-decoration-none text-strikethrough-none">Die Veröffentlichung</span> <span class="a_GcMg font-feature-liga-off font-feature-clig-off font-feature-calt-off text-decoration-none text-strikethrough-none">des Politikwissenschaftlers und Klimaaktivisten ist aber kein Plädoyer dafür den Kopf in den Sand zu stecken, sondern ein Aufruf eine solidarische Kollapsbewegung zu entwickeln. Community-Aufbau, Krisenvorsorge und “solidarisches Prepping” seien das Gebot der Stunde.</span></p>
<p class="cvGsUA direction-ltr align-center para-style-body"><span class="a_GcMg font-feature-liga-off font-feature-clig-off font-feature-calt-off text-decoration-none text-strikethrough-none">Für uns als Basisgewerkschaft, welche sich</span> <span class="a_GcMg font-feature-liga-off font-feature-clig-off font-feature-calt-off text-decoration-none text-strikethrough-none">neben kleinteiligen Alltagskämpfen</span> <span class="a_GcMg font-feature-liga-off font-feature-clig-off font-feature-calt-off text-decoration-none text-strikethrough-none">und organisierter Solidarität das Fernziel einer besseren Welt auf die Fahnen schreibt, gibt es gute Gründe, sich mit Tadzios dystopisch anmutenden Überlegungen und seinen streitbaren Thesen auseinanderzusetzen.</span></p>
<p class="cvGsUA direction-ltr align-center para-style-body"><span class="a_GcMg font-feature-liga-off font-feature-clig-off font-feature-calt-off text-decoration-none text-strikethrough-none">Wir freuen uns auf einen erkenntnisreichen Abend und laden alle Interessierten zur Teilnahme und Mitdiskutieren ein.</span></p>

<p>No Future? Ein Gespräch über Solidarität und gegenseitige Hilfe in Zeiten von Rechtsruck und Klimakollaps mit Tadzio Müller. &nbsp; Klimaschutz? Nie ernsthaft angegangen. Die Klimabewegung? Gescheitert. Klimakrise? Längst Alltag. Der Klimakollaps steht uns als Folge der wachstumsgetriebenen kapitalistischen Wirtschaft unausweichlich bevor, wahrscheinlich befinden wir uns sogar schon mittendrin. Und während&#8230; <a class="continue-reading-link" href="https://aschaffenburg.fau.org/?tribe_events=no-future-solidaritaet-und-gegenseitige-hilfe-in-zeiten-von-rechtsruck-und-klimakollaps">Continue reading</a></p>
